{"id":11195,"date":"2021-11-01T11:37:28","date_gmt":"2021-11-01T10:37:28","guid":{"rendered":"https:\/\/www.aerolift.nl\/ontdek-de-aerolift-hefoplossingen-tijdens-bauma-2022\/"},"modified":"2023-07-18T10:14:30","modified_gmt":"2023-07-18T09:14:30","slug":"entdecken-sie-die-hublosungen-von-aerolift-auf-der-bauma-2022","status":"publish","type":"page","link":"https:\/\/www.aerolift.nl\/de\/entdecken-sie-die-hublosungen-von-aerolift-auf-der-bauma-2022\/","title":{"rendered":"Entdecken Sie die Hubl\u00f6sungen von Aerolift auf der Bauma 2022"},"content":{"rendered":"","protected":false},"excerpt":{"rendered":"","protected":false},"author":8,"featured_media":0,"parent":0,"menu_order":0,"comment_status":"closed","ping_status":"closed","template":"","meta":{"_acf_changed":false,"footnotes":""},"class_list":["post-11195","page","type-page","status-publish","hentry"],"acf":[],"yoast_head":"<!-- This site is optimized with the Yoast SEO plugin v27.5 - https:\/\/yoast.com\/product\/yoast-seo-wordpress\/ -->\n<title>Besuchen Sie Aerolift auf der Bauma 2022 | F\u00fcr schweres Heben<\/title>\n<meta name=\"description\" content=\"Aerolift entwickelt ma\u00dfgeschneiderte L\u00f6sungen f\u00fcr schwere Hebevorg\u00e4nge. Besuchen Sie unseren Stand auf der Bauma 2022.\" \/>\n<meta name=\"robots\" content=\"index, follow, max-snippet:-1, max-image-preview:large, max-video-preview:-1\" \/>\n<link rel=\"canonical\" href=\"https:\/\/www.aerolift.nl\/de\/entdecken-sie-die-hublosungen-von-aerolift-auf-der-bauma-2022\/\" \/>\n<meta property=\"og:locale\" content=\"de_DE\" \/>\n<meta property=\"og:type\" content=\"article\" \/>\n<meta property=\"og:title\" content=\"Besuchen Sie Aerolift auf der Bauma 2022 | F\u00fcr schweres Heben\" \/>\n<meta property=\"og:description\" content=\"Aerolift entwickelt ma\u00dfgeschneiderte L\u00f6sungen f\u00fcr schwere Hebevorg\u00e4nge. Besuchen Sie unseren Stand auf der Bauma 2022.\" \/>\n<meta property=\"og:url\" content=\"https:\/\/www.aerolift.nl\/de\/entdecken-sie-die-hublosungen-von-aerolift-auf-der-bauma-2022\/\" \/>\n<meta property=\"og:site_name\" content=\"Aerolift\" \/>\n<meta property=\"article:modified_time\" content=\"2023-07-18T09:14:30+00:00\" \/>\n<meta name=\"twitter:card\" content=\"summary_large_image\" \/>\n<!-- \/ Yoast SEO plugin. -->","yoast_head_json":{"title":"Besuchen Sie Aerolift auf der Bauma 2022 | F\u00fcr schweres Heben","description":"Aerolift entwickelt ma\u00dfgeschneiderte L\u00f6sungen f\u00fcr schwere Hebevorg\u00e4nge. Besuchen Sie unseren Stand auf der Bauma 2022.","robots":{"index":"index","follow":"follow","max-snippet":"max-snippet:-1","max-image-preview":"max-image-preview:large","max-video-preview":"max-video-preview:-1"},"canonical":"https:\/\/www.aerolift.nl\/de\/entdecken-sie-die-hublosungen-von-aerolift-auf-der-bauma-2022\/","og_locale":"de_DE","og_type":"article","og_title":"Besuchen Sie Aerolift auf der Bauma 2022 | F\u00fcr schweres Heben","og_description":"Aerolift entwickelt ma\u00dfgeschneiderte L\u00f6sungen f\u00fcr schwere Hebevorg\u00e4nge. Besuchen Sie unseren Stand auf der Bauma 2022.","og_url":"https:\/\/www.aerolift.nl\/de\/entdecken-sie-die-hublosungen-von-aerolift-auf-der-bauma-2022\/","og_site_name":"Aerolift","article_modified_time":"2023-07-18T09:14:30+00:00","twitter_card":"summary_large_image","schema":{"@context":"https:\/\/schema.org","@graph":[{"@type":"WebPage","@id":"https:\/\/www.aerolift.nl\/de\/entdecken-sie-die-hublosungen-von-aerolift-auf-der-bauma-2022\/","url":"https:\/\/www.aerolift.nl\/de\/entdecken-sie-die-hublosungen-von-aerolift-auf-der-bauma-2022\/","name":"Besuchen Sie Aerolift auf der Bauma 2022 | F\u00fcr schweres Heben","isPartOf":{"@id":"https:\/\/www.aerolift.nl\/#website"},"datePublished":"2021-11-01T10:37:28+00:00","dateModified":"2023-07-18T09:14:30+00:00","description":"Aerolift entwickelt ma\u00dfgeschneiderte L\u00f6sungen f\u00fcr schwere Hebevorg\u00e4nge. Besuchen Sie unseren Stand auf der Bauma 2022.","breadcrumb":{"@id":"https:\/\/www.aerolift.nl\/de\/entdecken-sie-die-hublosungen-von-aerolift-auf-der-bauma-2022\/#breadcrumb"},"inLanguage":"de","potentialAction":[{"@type":"ReadAction","target":["https:\/\/www.aerolift.nl\/de\/entdecken-sie-die-hublosungen-von-aerolift-auf-der-bauma-2022\/"]}]},{"@type":"BreadcrumbList","@id":"https:\/\/www.aerolift.nl\/de\/entdecken-sie-die-hublosungen-von-aerolift-auf-der-bauma-2022\/#breadcrumb","itemListElement":[{"@type":"ListItem","position":1,"name":"Home","item":"https:\/\/www.aerolift.nl\/de\/"},{"@type":"ListItem","position":2,"name":"Entdecken Sie die Hubl\u00f6sungen von Aerolift auf der Bauma 2022"}]},{"@type":"WebSite","@id":"https:\/\/www.aerolift.nl\/#website","url":"https:\/\/www.aerolift.nl\/","name":"Aerolift","description":"Ein weiterer Wordpress -Website","publisher":{"@id":"https:\/\/www.aerolift.nl\/#organization"},"potentialAction":[{"@type":"SearchAction","target":{"@type":"EntryPoint","urlTemplate":"https:\/\/www.aerolift.nl\/?s={search_term_string}"},"query-input":{"@type":"PropertyValueSpecification","valueRequired":true,"valueName":"search_term_string"}}],"inLanguage":"de"},{"@type":"Organization","@id":"https:\/\/www.aerolift.nl\/#organization","name":"Aerolift Industrials bv","alternateName":"Aerolift","url":"https:\/\/www.aerolift.nl\/","logo":{"@type":"ImageObject","inLanguage":"de","@id":"https:\/\/www.aerolift.nl\/#\/schema\/logo\/image\/","url":"https:\/\/i0.wp.com\/www.aerolift.nl\/wp-content\/uploads\/2025\/07\/2024-logo-aerolift-corners-5.png?fit=1903%2C678&ssl=1","contentUrl":"https:\/\/i0.wp.com\/www.aerolift.nl\/wp-content\/uploads\/2025\/07\/2024-logo-aerolift-corners-5.png?fit=1903%2C678&ssl=1","width":1903,"height":678,"caption":"Aerolift Industrials bv"},"image":{"@id":"https:\/\/www.aerolift.nl\/#\/schema\/logo\/image\/"},"sameAs":["https:\/\/www.linkedin.com\/company\/aerolift-industrials-bv\/","https:\/\/www.youtube.com\/user\/AeroliftIndustrials1"]}]}},"jetpack_sharing_enabled":true,"_links":{"self":[{"href":"https:\/\/www.aerolift.nl\/de\/wp-json\/wp\/v2\/pages\/11195","targetHints":{"allow":["GET"]}}],"collection":[{"href":"https:\/\/www.aerolift.nl\/de\/wp-json\/wp\/v2\/pages"}],"about":[{"href":"https:\/\/www.aerolift.nl\/de\/wp-json\/wp\/v2\/types\/page"}],"author":[{"embeddable":true,"href":"https:\/\/www.aerolift.nl\/de\/wp-json\/wp\/v2\/users\/8"}],"replies":[{"embeddable":true,"href":"https:\/\/www.aerolift.nl\/de\/wp-json\/wp\/v2\/comments?post=11195"}],"version-history":[{"count":3,"href":"https:\/\/www.aerolift.nl\/de\/wp-json\/wp\/v2\/pages\/11195\/revisions"}],"predecessor-version":[{"id":11745,"href":"https:\/\/www.aerolift.nl\/de\/wp-json\/wp\/v2\/pages\/11195\/revisions\/11745"}],"wp:attachment":[{"href":"https:\/\/www.aerolift.nl\/de\/wp-json\/wp\/v2\/media?parent=11195"}],"curies":[{"name":"wp","href":"https:\/\/api.w.org\/{rel}","templated":true}]}}

Entdecken Sie die Hublösungen von Aerolift auf der Bauma 2022

<!-- This site is optimized with the Yoast SEO plugin v27.5 - https://yoast.com/product/yoast-seo-wordpress/ -->
<title>Besuchen Sie Aerolift auf der Bauma 2022 | Für schweres Heben</title>
<meta name="description" content="Aerolift entwickelt maßgeschneiderte Lösungen für schwere Hebevorgänge. Besuchen Sie unseren Stand auf der Bauma 2022." />
<meta name="robots" content="index, follow, max-snippet:-1, max-image-preview:large, max-video-preview:-1" />
<link rel="canonical" href="https://www.aerolift.nl/de/entdecken-sie-die-hublosungen-von-aerolift-auf-der-bauma-2022/" />
<meta property="og:locale" content="de_DE" />
<meta property="og:type" content="article" />
<meta property="og:title" content="Besuchen Sie Aerolift auf der Bauma 2022 | Für schweres Heben" />
<meta property="og:description" content="Aerolift entwickelt maßgeschneiderte Lösungen für schwere Hebevorgänge. Besuchen Sie unseren Stand auf der Bauma 2022." />
<meta property="og:url" content="https://www.aerolift.nl/de/entdecken-sie-die-hublosungen-von-aerolift-auf-der-bauma-2022/" />
<meta property="og:site_name" content="Aerolift" />
<meta property="article:modified_time" content="2023-07-18T09:14:30+00:00" />
<meta name="twitter:card" content="summary_large_image" />
<!-- / Yoast SEO plugin. -->

Besuchen Sie Aerolift auf der Bauma 2022 | Für schweres Heben

Aerolift entwickelt maßgeschneiderte Lösungen für schwere Hebevorgänge. Besuchen Sie unseren Stand auf der Bauma 2022.
